{"id":465,"date":"2020-07-29T12:24:54","date_gmt":"2020-07-29T12:24:54","guid":{"rendered":"https:\/\/pskoiltech.com\/?page_id=465"},"modified":"2020-08-27T09:49:30","modified_gmt":"2020-08-27T09:49:30","slug":"productos-copy-copy-copy-copy","status":"publish","type":"page","link":"https:\/\/pskoiltech.com\/?page_id=465","title":{"rendered":"SISTEMAS DE RECUBRIMIENTOS POLIM\u00c9RICOS"},"content":{"rendered":"<div id=\"pl-465\"  class=\"panel-layout\" ><div id=\"pg-465-0\"  class=\"panel-grid panel-no-style\" ><div id=\"pgc-465-0-0\"  class=\"panel-grid-cell\" ><div id=\"panel-465-0-0-0\" class=\"so-panel widget widget_sow-editor panel-first-child panel-last-child\" data-index=\"0\" ><div\n\t\t\t\n\t\t\tclass=\"so-widget-sow-editor so-widget-sow-editor-base\"\n\t\t\t\n\t\t>\n<div class=\"siteorigin-widget-tinymce textwidget\">\n\t<p style=\"text-align: center;\"><span class=\"TextRun SCXP226896383 BCX0\" lang=\"ES-ES\" xml:lang=\"ES-ES\" data-usefontface=\"true\" data-contrast=\"none\"><span class=\"NormalTextRun SCXP226896383 BCX0\">Los recubrimientos y revestimientos Tekcoat proporcionan recubrimientos protectores para los requisitos mas exigentes. La\u00a0<\/span><\/span><span class=\"TextRun SCXP226896383 BCX0\" lang=\"ES-ES\" xml:lang=\"ES-ES\" data-usefontface=\"true\" data-contrast=\"none\"><span class=\"NormalTextRun SCXP226896383 BCX0\">protecci\u00f3n contra la corrosi\u00f3n real: permanente, resistente y libre de solventes.\u00a0 Estos recubrimientos son sistemas de protecci\u00f3n\u00a0<\/span><\/span><span class=\"TextRun SCXP226896383 BCX0\" lang=\"ES-ES\" xml:lang=\"ES-ES\" data-usefontface=\"true\" data-contrast=\"none\"><span class=\"NormalTextRun SCXP226896383 BCX0\">contra la corrosi\u00f3n de ultima generaci\u00f3n que se utilizan en la industria petrolera y petroqu\u00edmica.<\/span><\/span><span class=\"EOP SCXP226896383 BCX0\">\u200b<\/span><\/p>\n<\/div>\n<\/div><\/div><\/div><\/div><div id=\"pg-465-1\"  class=\"panel-grid panel-no-style\" ><div id=\"pgc-465-1-0\"  class=\"panel-grid-cell\" ><div id=\"panel-465-1-0-0\" class=\"so-panel widget widget_sow-image panel-first-child panel-last-child\" data-index=\"1\" ><div\n\t\t\t\n\t\t\tclass=\"so-widget-sow-image so-widget-sow-image-default-113ccd71f3e6-465\"\n\t\t\t\n\t\t>\n<div class=\"sow-image-container\">\n\t\t\t<a href=\"https:\/\/pskoiltech.com\/?page_id=856\"\n\t\t\t\t\t>\n\t\t\t<img \n\tsrc=\"https:\/\/pskoiltech.com\/wp-content\/uploads\/2020\/07\/SDRP-12.png\" width=\"337\" height=\"204\" srcset=\"https:\/\/pskoiltech.com\/wp-content\/uploads\/2020\/07\/SDRP-12.png 337w, https:\/\/pskoiltech.com\/wp-content\/uploads\/2020\/07\/SDRP-12-300x182.png 300w\" sizes=\"(max-width: 337px) 100vw, 337px\" title=\"REVESTIMIENTOS\u200b POLIM\u00c9RICOS\u200b\" alt=\"\" \t\tclass=\"so-widget-image\"\/>\n\t\t\t<\/a><\/div>\n\n<\/div><\/div><\/div><div id=\"pgc-465-1-1\"  class=\"panel-grid-cell panel-grid-cell-empty panel-grid-cell-mobile-last\" ><\/div><div id=\"pgc-465-1-2\"  class=\"panel-grid-cell panel-grid-cell-empty\" ><\/div><\/div><div id=\"pg-465-2\"  class=\"panel-grid panel-no-style\" ><div id=\"pgc-465-2-0\"  class=\"panel-grid-cell\" ><div id=\"panel-465-2-0-0\" class=\"so-panel widget widget_sow-editor panel-first-child panel-last-child\" data-index=\"2\" ><div\n\t\t\t\n\t\t\tclass=\"so-widget-sow-editor so-widget-sow-editor-base\"\n\t\t\t\n\t\t>\n<div class=\"siteorigin-widget-tinymce textwidget\">\n\t<p style=\"text-align: center;\"><a href=\"https:\/\/pskoiltech.com\/?page_id=856\">REVESTIMIENTOS\u200b POLIM\u00c9RICOS\u200b<\/a><\/p>\n<\/div>\n<\/div><\/div><\/div><div id=\"pgc-465-2-1\"  class=\"panel-grid-cell panel-grid-cell-empty panel-grid-cell-mobile-last\" ><\/div><div id=\"pgc-465-2-2\"  class=\"panel-grid-cell panel-grid-cell-empty\" ><\/div><\/div><\/div>","protected":false},"excerpt":{"rendered":"<p>Los recubrimientos y revestimientos Tekcoat proporcionan recubrimientos protectores para los requisitos mas exigentes. La\u00a0protecci\u00f3n contra la corrosi\u00f3n real: permanente, resistente y libre de solventes.\u00a0 Estos recubrimientos son sistemas de protecci\u00f3n\u00a0contra la corrosi\u00f3n de ultima generaci\u00f3n que se utilizan en la industria petrolera y petroqu\u00edmica.\u200b<\/p>\n","protected":false},"author":2,"featured_media":0,"parent":0,"menu_order":0,"comment_status":"closed","ping_status":"closed","template":"","meta":{"footnotes":""},"class_list":["post-465","page","type-page","status-publish","hentry"],"_links":{"self":[{"href":"https:\/\/pskoiltech.com\/index.php?rest_route=\/wp\/v2\/pages\/465","targetHints":{"allow":["GET"]}}],"collection":[{"href":"https:\/\/pskoiltech.com\/index.php?rest_route=\/wp\/v2\/pages"}],"about":[{"href":"https:\/\/pskoiltech.com\/index.php?rest_route=\/wp\/v2\/types\/page"}],"author":[{"embeddable":true,"href":"https:\/\/pskoiltech.com\/index.php?rest_route=\/wp\/v2\/users\/2"}],"replies":[{"embeddable":true,"href":"https:\/\/pskoiltech.com\/index.php?rest_route=%2Fwp%2Fv2%2Fcomments&post=465"}],"version-history":[{"count":27,"href":"https:\/\/pskoiltech.com\/index.php?rest_route=\/wp\/v2\/pages\/465\/revisions"}],"predecessor-version":[{"id":1313,"href":"https:\/\/pskoiltech.com\/index.php?rest_route=\/wp\/v2\/pages\/465\/revisions\/1313"}],"wp:attachment":[{"href":"https:\/\/pskoiltech.com\/index.php?rest_route=%2Fwp%2Fv2%2Fmedia&parent=465"}],"curies":[{"name":"wp","href":"https:\/\/api.w.org\/{rel}","templated":true}]}}